rt 2e (base 16) to base 11.
42
What is 103 (base 4) in base 2?
10011
3 (base 15) to base 13
3
What is -10 (base 2) in base 5?
-2
What is 206 (base 8) in base 12?
b2
What is -3 (base 16) in base 2?
-11
What is -34 (base 11) in base 10?
-37
0 (base 6) to base 12
0
Convert 26 (base 16) to base 6.
102
-2 (base 8) to base 2
-10
1002 (base 5) to base 13
9a
-45 (base 15) to base 9
-72
What is -3 (base 16) in base 10?
-3
Convert -1 (base 15) to base 4.
-1
10100 (base 2) to base 6
32
25 (base 9) to base 13
1a
44 (base 5) to base 7
33
Convert -7 (base 9) to base 15.
-7
-1100001 (base 2) to base 7
-166
What is 17 (base 13) in base 6?
32
What is -260 (base 9) in base 10?
-216
What is 11110101 (base 2) in base 8?
365
1f (base 16) to base 9
34
What is -4 (base 12) in base 11?
-4
What is 5 (base 10) in base 9?
5
Convert 110 (base 3) to base 16.
c
What is 3 (base 6) in base 5?
3
Convert 4 (base 6) to base 11.
4
-5 (base 9) to base 3
-12
What is 33 (base 9) in base 7?
42
What is -31 (base 6) in base 9?
-21
Convert 8 (base 11) to base 2.
1000
What is 24 (base 5) in base 15?
e
Convert -2 (base 13) to base 2.
-10
What is 0 (base 10) in base 13?
0
What is -b (base 15) in base 8?
-13
What is a (base 12) in base 16?
a
What is -155 (base 12) in base 14?
-10d
What is 3 (base 16) in base 15?
3
2 (base 12) to base 6
2
Convert -1001000 (base 2) to base 12.
-60
What is 9 (base 16) in base 10?
9
-121 (base 6) to base 14
-37
Convert 32 (base 15) to base 10.
47
What is 18 (base 12) in base 14?
16
1221 (base 5) to base 8
272
-3 (base 15) to base 12
-3
Convert 2 (base 7) to base 2.
10
Convert 3 (base 14) to base 15.
3
3 (base 10) to base 11
3
What is -310 (base 6) in base 7?
-222
Convert d (base 14) to base 12.
11
Convert 12 (base 3) to base 15.
5
29 (base 13) to base 9
38
2 (base 10) to base 6
2
-16 (base 9) to base 16
-f
What is -134 (base 8) in base 5?
-332
What is 152 (base 7) in base 12?
72
What is 6 (base 14) in base 10?
6
0 (base 2) to base 4
0
10 (base 3) to base 9
3
Convert 202 (base 6) to base 13.
59
What is 114 (base 5) in base 3?
1021
-15 (base 12) to base 4
-101
2 (base 13) to base 11
2
What is -1 (base 16) in base 9?
-1
Convert -12 (base 3) to base 7.
-5
Convert -10 (base 8) to base 7.
-11
-102 (base 11) to base 5
-443
Convert -3 (base 14) to base 7.
-3
Convert 12 (base 3) to base 12.
5
Convert -100 (base 2) to base 14.
-4
What is 1 (base 11) in base 6?
1
Convert 19 (base 14) to base 8.
27
-97 (base 10) to base 16
-61
Convert 1023 (base 4) to base 2.
1001011
Convert 1040 (base 5) to base 6.
401
What is 136 (base 7) in base 8?
114
What is 100 (base 2) in base 4?
10
Convert 14 (base 6) to base 15.
a
What is -5 (base 8) in base 13?
-5
Convert 2 (base 10) to base 6.
2
Convert -8 (base 11) to base 6.
-12
What is 112 (base 3) in base 14?
10
-7 (base 8) to base 9
-7
-4 (base 14) to base 11
-4
Convert -2000 (base 3) to base 9.
-60
2 (base 7) to base 3
2
2220 (base 4) to base 8
250
-6 (base 8) to base 12
-6
3 (base 16) to base 15
3
What is 0 (base 13) in base 10?
0
What is 2 (base 11) in base 12?
2
What is 8 (base 10) in base 15?
8
-401 (base 5) to base 16
-65
4 (base 12) to base 2
100
Convert 9 (base 16) to base 2.
1001
What is -2 (base 14) in base 2?
-10
What is 2 (base 10) in base 14?
2
30 (base 6) to base 16
12
What is 13 (base 4) in base 5?
12
5 (base 6) to base 15
5
What is -110 (base 2) in base 7?
-6
79 (base 15) to base 3
11020
-182 (base 14) to base 5
-2220
Convert -16 (base 16) to base 4.
-112
-13 (base 12) to base 14
-11
-a (base 11) to base 7
-13
0 (base 11) to base 6
0
Convert 101 (base 4) to base 3.
122
0 (base 16) to base 14
0
6 (base 11) to base 16
6
What is -1 (base 8) in base 9?
-1
Convert -3320 (base 4) to base 15.
-118
What is 1b (base 13) in base 10?
24
What is -7 (base 15) in base 4?
-13
2 (base 8) to base 15
2
Convert -1 (base 12) to base 5.
-1
Convert -61 (base 9) to base 7.
-106
What is 2201 (base 4) in base 14?
b7
-5 (base 12) to base 4
-11
130 (base 7) to base 2
1000110
-10000 (base 3) to base 13
-63
9 (base 14) to base 12
9
50 (base 6) to base 5
110
What is -58 (base 12) in base 4?
-1010
Convert c (base 15) to base 5.
22
1 (base 2) to base 13
1
What is 1 (base 2) in base 4?
1
What is 131 (base 10) in base 7?
245
4 (base 8) to base 7
4
3 (base 5) to base 2
11
Convert 45 (base 9) to base 15.
2b
-8 (base 9) to base 6
-12
-5 (base 13) to base 14
-5
What is -1231 (base 4) in base 13?
-85
Convert -15 (base 6) to base 2.
-1011
Convert -203 (base 4) to base 12.
-2b
4 (base 9) to base 12
4
1210 (base 3) to base 7
66
Convert -10 (base 16) to base 12.
-14
What is -5c (base 15) in base 3?
-10020
What is -1 (base 10) in base 15?
-1
What is -100 (base 2) in base 13?
-4
Convert -1 (base 2) to base 13.
-1
7 (base 14) to base 13
7
-202 (base 6) to base 9
-82
10100000 (base 2) to base 6
424
Convert 0 (base 8) to base 4.
0
2 (base 7) to base 14
2
Convert -244 (base 11) to base 6.
-1202
Convert 203 (base 6) to base 14.
55
-1c (base 13) to base 11
-23
What is 6 (base 14) in base 4?
12
-2 (base 13) to base 6
-2
Convert 21 (base 3) to base 6.
11
-ca (base 15) to base 11
-163
Convert -6 (base 13) to base 6.
-10
What is 2 (base 12) in base 10?
2
Convert -14 (base 11) to base 4.
-33
46 (base 11) to base 5
200
Convert 6 (base 13) to base 6.
10
2 (base 13) to base 6
2
Convert -4 (base 11) to base 9.
-4
9 (base 15) to base 10
9
Convert -10110000 (base 2) to base 12.
-128
What is -28 (base 12) in base 5?
-112
Convert -100 (base 4) to base 6.
-24
What is 1 (base 15) in base 16?
1
10 (base 7) to base 10
7
What is -11000 (base 2) in base 14?
-1a
What is 247 (base 8) in base 13?
cb
1 (base 12) to base 13
1
What is 9 (base 16) in base 10?
9
Convert -2 (base 3) to base 11.
-2
Convert 27 (base 13) to base 15.
23
-7 (base 16) to base 11
-7
What is 10 (base 3) in base 9?
3
3 (base 7) to base 12
3
Convert 17b (base 15) to base 6.
1325
Convert -16 (base 15) to base 6.
-33
3 (base 12) to base 16
3
Convert -8 (base 10) to base 13.
-8
Convert -3 (base 10) to base 14.
-3
What is -2 (base 4) in base 6?
-2
What is -3 (base 14) in base 11?
-3
0 (base 14) to base 9
0
-1 (base 15) to base 10
-1
Convert 2 (base 5) to base 4.
2
2 (base 13) to base 6
2
110 (base 3) to base 4
30
0 (base 4) to base 10
0
-2 (base 15) to base 5
-2
Convert 1 (base 13) to base 7.
1
What is -1 (base 15) in base 10?
-1
Convert 4 (base 10) to base 6.
4
Convert 10010 (base 2) to base 4.
102
Convert -57 (base 9) to base 3.
-1221
3 (base 14) to base 10
3
Convert -c0 (base 15) to base 4.
-2310
What is 64 (base 9) in base 11?
53
-2 (base 6) to base 9
-2
310 (base 4) to base 6
124
What is -7 (base 14) in base 11?
-7
Convert 10301 (base 4) to base 5.
2210
Convert 26 (base 8) to base 4.
112
Convert -cc (base 14) to base 4.
-2310
What is 10 (base 5) in base 4?
11
What is 5 (base 10) in base 11?
5
What is 2 (base 15) in base 10?
2
Convert -18 (base 12) to base 7.
-26
Convert 43 (base 16) to base 10.
67
7 (base 9) to base 10
7
Convert 14 (base 11) to base 7.
21
What is -16 (base 12) in base 4?
-102
Convert 0 (base 11) to base 5.
0
Convert -1 (base 6) to base 11.
-1
Convert -12 (base 4) to base 11.
-6
What is 106 (base 10) in base 7?
211
What is 152 (base 13) in base 7?
455
-5 (base 13) to base 11
-5
Convert 3 (base 10) to base 11.
3
Convert 50 (base 16) to base 5.
310
Convert -2 (base 15) to base 11.
-2
What is -32 (base 12) in base 8?
-46
Convert 3 (base 9) to base 4.
3
What is 12 (base 4) in base 10?
6
Convert -20 (base 3) to base 4.
-12
Convert 3 (base 15) to base 16.
3
Convert -6 (base 11) to base 14.
-6
Convert -3 (base 16) to base 13.
-3
Convert 4 (base 12) to base 6.
4
3a (base 16) to base 11
53
-2 (base 8) to base 10
-2
Convert 2 (base 14) to base 12.
2
-11 (base 5) to base 4
-12
60 (base 14) to base 12
70
Convert 6 (base 16) to base 3.
20
Convert 5 (base 9) to base 13.
5
a (base 16) to base 2
1010
5 (base 9) to base 14
5
220 (base 3) to base 13
1b
Convert -b (base 15) to base 13.
-b
What is 2112 (base 4) in base 2?
10010110
Convert -1 (base 2) to base 14.
-1
1003 (base 6) to base 2
11011011
-1 (base 3) to base 6
-1
Convert -1 (base 2) to base 10.
-1
Convert 8 (base 14) to base 16.
8
Convert 3 (base 6) to base 2.
11
Convert 12 (base 7) to base 6.
13
2 (base 5) to base 7
2
-13 (base 13) to base 6
-24
What is -432 (base 6